7575.
25
Calculate the greatest common divisor of 3202816 and 256.
256
What is the greatest common divisor of 48 and 126448?
16
What is the greatest common factor of 6672 and 736?
16
Calculate the highest common divisor of 174 and 33031.
29
Calculate the highest common factor of 229 and 1603.
229
What is the greatest common factor of 5319137 and 743?
743
Calculate the greatest common factor of 4925 and 77815.
985
Calculate the highest common factor of 51150 and 5250.
150
What is the greatest common divisor of 51 and 45271?
17
What is the greatest common factor of 20 and 598560?
20
Calculate the highest common factor of 62 and 524.
2
What is the highest common factor of 14640 and 1480?
40
What is the highest common divisor of 741 and 10431?
57
What is the highest common divisor of 132744 and 672?
24
Calculate the highest common divisor of 285 and 72295.
95
Calculate the highest common factor of 6657 and 6216.
21
What is the greatest common divisor of 1639 and 1342?
11
What is the greatest common factor of 252202 and 329?
47
Calculate the greatest common divisor of 1688511 and 2508.
627
What is the greatest common factor of 1305931 and 6799?
523
What is the highest common factor of 42 and 174594?
42
What is the greatest common divisor of 24 and 13314?
6
What is the highest common factor of 976 and 857416?
488
What is the greatest common factor of 6549 and 23364?
177
Calculate the highest common divisor of 1494 and 12132.
18
What is the highest common factor of 13 and 1484730?
13
What is the greatest common divisor of 52 and 1367392?
52
Calculate the greatest common divisor of 43070 and 10.
10
Calculate the greatest common factor of 85 and 18343.
17
What is the highest common factor of 9 and 153113?
1
Calculate the greatest common divisor of 712 and 11864.
8
Calculate the highest common factor of 15 and 126720.
15
What is the greatest common divisor of 441980 and 1232?
308
Calculate the highest common divisor of 108836 and 3082.
46
What is the highest common divisor of 7102 and 402?
134
Calculate the highest common factor of 45704 and 64.
8
Calculate the greatest common divisor of 202 and 384.
2
Calculate the highest common divisor of 161 and 546.
7
What is the greatest common divisor of 16364 and 788?
4
What is the highest common divisor of 725 and 40525?
25
Calculate the highest common factor of 2127 and 275801.
709
Calculate the greatest common divisor of 9548 and 198.
22
What is the highest common factor of 4144 and 31472?
112
Calculate the greatest common divisor of 2594 and 1687397.
1297
What is the highest common divisor of 562224 and 272?
272
Calculate the highest common divisor of 16377 and 162021.
159
What is the highest common factor of 58 and 23229?
29
Calculate the highest common divisor of 192 and 217740.
12
What is the greatest common factor of 12984 and 42739?
541
Calculate the highest common factor of 364 and 2282252.
28
Calculate the greatest common divisor of 3552 and 10272.
96
What is the greatest common factor of 1026 and 216?
54
What is the greatest common divisor of 249344 and 2176?
128
What is the highest common divisor of 344 and 125044?
172
What is the greatest common divisor of 88132 and 33?
11
What is the greatest common divisor of 432 and 122904?
216
What is the greatest common factor of 962 and 92648?
74
What is the highest common factor of 645887 and 1562?
781
Calculate the highest common factor of 12499 and 29.
29
Calculate the greatest common divisor of 9 and 114177.
3
Calculate the highest common factor of 76 and 19114.
38
Calculate the greatest common divisor of 607530 and 60.
30
What is the highest common divisor of 22860158 and 538?
538
What is the highest common factor of 801365 and 415?
415
What is the highest common factor of 6584 and 1636?
4
Calculate the highest common factor of 820504 and 232.
8
Calculate the greatest common divisor of 400 and 23125.
25
What is the greatest common factor of 7 and 55489?
7
What is the highest common divisor of 152745 and 10455?
255
Calculate the highest common divisor of 161640 and 1800.
360
Calculate the greatest common divisor of 402679 and 17.
17
What is the highest common divisor of 1873 and 17308393?
1873
What is the greatest common factor of 80 and 1098760?
40
What is the highest common factor of 717 and 458402?
239
Calculate the highest common factor of 164 and 883837.
41
What is the greatest common factor of 3 and 20973?
3
Calculate the highest common factor of 4030 and 90210.
310
Calculate the highest common factor of 3700 and 150.
50
Calculate the highest common factor of 194 and 37442.
194
Calculate the greatest common factor of 18125 and 331875.
625
What is the greatest common divisor of 23 and 351601?
23
Calculate the highest common divisor of 116220 and 351.
39
What is the highest common factor of 101304 and 14?
14
Calculate the highest common factor of 24 and 54204.
12
Calculate the highest common factor of 4175 and 21376.
167
Calculate the highest common factor of 16739 and 703.
19
Calculate the greatest common divisor of 2664 and 13061.
37
What is the greatest common divisor of 87 and 308589?
87
What is the highest common divisor of 1746 and 450?
18
Calculate the greatest common factor of 396300 and 130.
10
What is the highest common divisor of 56760 and 25370?
430
What is the greatest common factor of 30 and 772820?
10
Calculate the greatest common factor of 1635796 and 202.
202
Calculate the highest common divisor of 3706 and 136.
34
Calculate the highest common factor of 93205 and 595.
35
Calculate the highest common factor of 218285 and 46935.
745
What is the greatest common divisor of 160988 and 7712?
964
Calculate the highest common factor of 22480 and 15.
5
Calculate the highest common divisor of 2756 and 1040.
52
What is the greatest common factor of 472014 and 2?
2
Calculate the greatest common divisor of 24 and 14488.
8
Calculate the highest common factor of 4760 and 2125.
85
Calculate the greatest common factor of 4260 and 132.
12
What is the highest common divisor of 24336 and 17?
1
What is the greatest common factor of 2579409 and 63?
63
Calculate the greatest common divisor of 3198 and 14514.
246
Calculate the greatest common factor of 18786 and 10974.
186
Calculate the highest common divisor of 10 and 513130.
10
What is the highest common factor of 520 and 38818?
26
Calculate the greatest common factor of 8 and 2736752.
8
Calculate the greatest common factor of 567 and 324999.
27
Calculate the greatest common divisor of 801 and 34362.
9
Calculate the greatest common factor of 1440 and 12855.
15
What is the highest common divisor of 13858 and 117?
13
Calculate the highest common factor of 5 and 220641.
1
Calculate the highest common divisor of 119153 and 2537.
43
Calculate the highest common divisor of 833 and 2764727.
833
What is the greatest common factor of 625158 and 204?
102
What is the greatest common factor of 35955 and 6120?
765
What is the highest common factor of 57873 and 64749?
573
What is the highest common divisor of 119 and 353600?
17
Calculate the highest common factor of 3857204 and 13.
13
Calculate the highest common divisor of 116 and 221212.
116
What is the highest common divisor of 151236 and 72?
36
Calculate the greatest common factor of 134963 and 2890.
289
Calculate the highest common divisor of 44 and 610588.
44
Calculate the greatest common divisor of 3703 and 289317.
161
What is the highest common divisor of 84987 and 78029?
497
What is the highest common divisor of 293060 and 20?
20
Calculate the greatest common divisor of 39456 and 18.
18
Calculate the highest common factor of 160 and 73000.
40
What is the highest common factor of 4 and 77932?
4
Calculate the greatest common divisor of 64 and 3360.
32
Calculate the highest common factor of 1816 and 312.
8
What is the highest common factor of 3392 and 5839328?
1696
Calculate the greatest common divisor of 4015 and 208175.
55
What is the greatest common divisor of 2720 and 259360?
160
Calculate the highest common factor of 6270 and 7458.
66
What is the greatest common divisor of 93145 and 325?
65
Calculate the highest common factor of 18870 and 47430.
510
What is the greatest common factor of 740 and 110280?
20
Calculate the greatest common factor of 832 and 5